- 3*f**2 + 5*f. Let x be p(-4). Let j = x + 7. What is q(j)?
-3
Let i be 12/16 + 6/(-8) + 1. Let r(o) = 3*o**3 + o**2 - o. Determine r(i).
3
Let l(w) be the second derivative of w**5/20 + w**4/2 + 5*w**3/6 - 3*w**2 - 2*w + 6. Calculate l(-5).
-6
Suppose 5*r = 2*t - 21, 0 = 4*t + 14*r - 15*r + 3. Let g(w) = -18*w - 3. Determine g(t).
33
Let b(f) = f**3 - 11*f**2 - 24*f - 23. Let r be b(13). Let j(v) = -2*v**2 + 5*v + 5. Let a(g) = -g**2 + 6*g + 5. Let u(y) = r*a(y) - 2*j(y). Give u(-8).
5
Let f be 4 - 7 - (-10)/1. Suppose 3 + f = 2*p. Let l = p + -4. Let i(q) = 9*q**3 + q - 1. Calculate i(l).
9
Let o(i) = -7*i**2 + 10*i + 2. Let z(d) = -6*d**2 + 9*d + 1. Let f(q) = 4*o(q) - 5*z(q). Suppose -19*b - 12 = -31*b + 24. Give f(b).
6
Let p(v) be the second derivative of v**3/6 + 7*v**2/2 + 453*v. Suppose -3*w + 9 = 3*b, -2*b + 3 = 1. Let z be (-9)/(w*6/(-8)). Calculate p(z).
13
Let g(v) = 17*v**2 + 1. Suppose -4*m - 4*y = 12, 0 = -m + 5*m + y. Let x be ((-3 - (1 - 3))/(-1))/m. What is g(x)?
18
Let l = 21 + -8. Let y = l + -15. Let m(d) = 3*d + 10. Let j(x) = x + 3. Let v(n) = y*m(n) + 7*j(n). Give v(2).
3
Suppose -3*g + 0*g = -15. Let u(o) = 16 + 5*o - 21*o**3 + 10 + 20*o**3 + 4*o**2 - 32. What is u(g)?
-6
Let v(i) be the second derivative of i**4/12 + i**3/6 - 9*i**2 + 3*i - 131. Give v(0).
-18
Let u(c) be the first derivative of c**2 + 14*c + 6. Let s(t) = t + 13. Let k(p) = 3*s(p) - 2*u(p). Suppose 0 = -3*a + 11 + 7. What is k(a)?
5
Suppose 0 = 3*l - 2 - 13. Let f(y) = -3*y**2 - 12*y. Let z(j) = -2*j**2 - 11*j - 1. Suppose 0 = 76*o - 74*o - 6. Let r(b) = o*f(b) - 4*z(b). Calculate r(l).
19
Let m be ((-154)/33)/(-2 - 8/(-3)). Let l(y) = 5 - y**2 - 5*y + 3 - 2. What is l(m)?
-8
Let r(b) = b**2 - 5*b. Let t(c) = -c**3 + 6*c**2 + 17*c. Let p be t(8). Calculate r(p).
24
Let c(b) = 10 + b + b**3 - 43 + 11 + 4*b**2 + 15 + 8. Determine c(-4).
-3
Let p(j) = -j**2 - 6*j - 5. Let g = -450 - -443. What is p(g)?
-12
Let q(v) = -4*v**3 + v**2 + v + 1. Suppose -5*d - 5 = y + 12, 29 = 3*y - 5*d. Let l = 10 + -5. Suppose y*m - 8*m = l. Give q(m).
5
Let a(u) = 9 + 14 + 10 + 2*u - 29. Give a(1).
6
Let x(t) = 4*t + 9. Let f(n) = 4*n + 7. Let y(i) = 5*f(i) - 4*x(i). What is y(-3)?
-13
Let s(g) = -7*g - 12 - 7*g - 7*g + 25*g. Determine s(4).
4
Let k(x) = -x**2 - 7*x - 6. Suppose -9*f + 4 = -7*f. Suppose 0 = 5*p - p - f*i + 2, -p - 4*i - 14 = 0. Let u = -6 - p. What is k(u)?
6
Let g(j) = j**2 - 8*j - 5. Let l(t) = 1. Let d(u) = -g(u) - 5*l(u). Suppose b = 6*k + 38, 4*b + 4*k + 11 = 23. Give d(b).
0
Suppose 5*b = -5*m - 25, 0 = 22*b - 23*b + 5*m - 17. Let l(z) = z**2 + 11*z + 23. Determine l(b).
-5
Suppose -i + 5 - 20 = 0. Let q be 3/((-14)/(-4)*i/(-70)). Let v(u) = 3*u - 5. Give v(q).
7
Let d(g) = 4*g + 8. Let f(p) = -p - 1. Let o(s) = -d(s) - 8*f(s). What is o(-1)?
-4
Let s(i) = -i**3 + 3*i**2 - 3*i + 1. Suppose -2*w - 30 = -2*c + c, 138 = 4*c + w. Let f = 37 - c. Give s(f).
-8
Let l(k) = 3. Let p(s) = -4. Let n(g) = 5*l(g) + 4*p(g). Let h(j) = j. Let w be 5/7 - 4/(-14). Let y(b) = w*h(b) + 2*n(b). Calculate y(3).
1
Let i(k) be the second derivative of k**5/20 + k**4/12 - k**3/6 - 3*k**2/2 - 3*k + 12. Give i(0).
-3
Let p(o) = 2*o**2 + 4*o + 3. Suppose -3*v + b = 35, -b = 4*b - 10. Let g = 31 + -45. Let w = g - v. Give p(w).
9
Let f(s) be the second derivative of s**3/3 + 27*s**2/2 + 14*s - 16. Give f(-20).
-13
Let n = 3 - 9. Let k = 9 + n. Let q(z) = -2*z**3 - 6*z**2 - 5*z - 5. Let y(l) = -l**3 - 2*l**2 - 2*l - 2. Let c(a) = 2*q(a) - 5*y(a). Calculate c(k).
9
Let r(x) = 6*x**2 + 5. Let c(z) = 7*z**2 + 6. Let v(o) = -5*c(o) + 6*r(o). Let j(y) = -4*y**2 - 2. Let l = 3 + -2. Let i(k) = l*j(k) + 5*v(k). Calculate i(3).
7
Let c(g) be the first derivative of -g**2/2 + 3*g + 58. Calculate c(-3).
6
Let f(t) = 2*t**2 + 9*t + 30. Let v be f(-5). Let w(k) = -12 - k + 70 - v. Determine w(0).
23
Suppose 12 = w + 3*w. Let y be 1*(w/1 + -3). Suppose y*b = -2*b. Let d(f) = -f**3 - f**2 - f + 7. What is d(b)?
7
Let j(r) = r + 6. Let w = 21 + 0. Suppose -w = 4*s + 19. Let p(x) = -x**2 - 8*x + 14. Let g be p(s). What is j(g)?
0
Let l(p) = -11*p + 16*p**2 - 6*p**2 - 6*p**2 - 3*p**2 + 14. What is l(10)?
4
Let i(c) = -c**3 - 5*c**2 - 3*c - 3. Suppose -5*u + 13 = 3. Suppose u*o - 4*o - 11 = -5*n, -5*o + 4*n - 2 = 0. Suppose o*m + 4 = m. Calculate i(m).
-7
Let i(j) = j. Let y(l) be the third derivative of -l**4/6 - l**3/2 + 4*l**2. Let h(v) = -3*i(v) - y(v). Determine h(-6).
-3
Suppose -4*v + 516 = 132. Let f(s) = 92*s + s**3 - v*s - 4 + 0*s**3 - 3*s**2 + 0*s**3. Determine f(4).
-4
Let u(j) = 2*j + 16. Suppose -3*s + s + 5*l = 16, -2*s = 5*l + 16. Let k be u(s). Let y(g) = g**3 - 4. What is y(k)?
-4
Suppose 14*u + 36 = 16*u. Let o = 22 - u. Let v(c) = c - 4. What is v(o)?
0
Let d = -135 + 131. Let n(q) = q**3 + 4*q**2 - 4*q + 3. Give n(d).
19
Let t(s) be the second derivative of s**3/6 + 4*s**2 - 34*s. Suppose 0 = -11*x + 12*x + 6. Calculate t(x).
2
Let c(m) = -7*m**2 - 13*m + 22. Let w(d) = 4*d**2 + 5*d - 12. Let l(p) = -3*c(p) - 5*w(p). Calculate l(-14).
-6
Let v(u) = -2*u - 2. Let x = 12 - 7. Let n(t) = 2*t + 2. Let c(p) = p + 1. Let l(k) = x*n(k) - 12*c(k). Let z(a) = -5*l(a) + 4*v(a). Determine z(-2).
-2
Let j(y) = -6*y - y - 3 + 0*y**3 - 7*y**2 + y**3. Suppose 97 = 8*a + 33. Calculate j(a).
5
Suppose -44*u + 52*u + 48 = 0. Let t(k) = k**2 + 5*k - 3. Calculate t(u).
3
Let o be (1 - -17) + (-2 - 0). Let c = o + -3. Let k(m) = 1 + c*m + 6 - 6. Calculate k(-1).
-12
Let s = -21 + 14. Let v be s/(-4) + (-8)/(-32). Let c(q) = 3*q + 2. Determine c(v).
8
Let y(b) = -b**2 - 1. Let o(r) = 3*r**3 + 2*r**2 + 3*r + 5. Let n(l) = o(l) + 6*y(l). Let v be 4/(-3)*(513/18)/(-19). Calculate n(v).
13
Let v(r) = r**3 - 3*r**2 - 3*r. Let i = 1269 + -1265. Determine v(i).
4
Let z = 3 - 3. Suppose 4*a + z + 4 = 0. Let p(r) = r**3 - r + 2. Let c(u) = -6*u**3 + u**2 + 2*u - 5. Let n(m) = c(m) + 2*p(m). Calculate n(a).
4
Let g(t) be the first derivative of -7*t**2 + t - 149. Determine g(1).
-13
Let a(f) = -f**2 - 4*f. Let p be a(-3). Let t(o) = 9*o**2 - 13*o - o**3 + 3*o + p + 3*o. Give t(8).
11
Let l(o) = o - 10. Suppose 12*p = 17*p - 30. What is l(p)?
-4
Suppose 2 - 6 = -x, 3*z - 3*x = -3. Suppose -4*b - 3*c + 15 = 0, 4*b - z*c + 2*c = 11. Let w(d) = -4*d**2 + 4*d + 1. Determine w(b).
-23
Let p(c) = -c**2 - 3*c + 7. Let i = -363 + 357. Give p(i).
-11
Let z(p) be the third derivative of -1/120*p**5 - 5/6*p**3 + 0 - 10*p**2 + 0*p - 1/4*p**4. Let r(t) be the first derivative of z(t). What is r(-3)?
-3
Suppose 1 + 8 = -3*u. Let i(t) = -3*t - 2. Let x be i(u). Let s(v) = 3 - 2 + 4 - x*v + v**2. Determine s(5).
-5
Let r(d) = 5*d**2 - 4*d + 2. Let s(l) = 28*l + 253. Let m be s(-9). Calculate r(m).
3
Let k(m) = 7*m**2 + 6*m + 9. Let o be k(-6). Suppose 2*x = 3*l + o, -3*x + 447 = x - 5*l. Let u(s) = -s + x*s**2 - 107*s**2 - 2 - s. Give u(4).
6
Let f(y) = -5*y**2 - y - 1. Let i(x) = 8*x**2 + 3*x + 2. Let q(t) = 7*f(t) + 3*i(t). Determine q(1).
-10
Let a(x) = 4*x + 38. Let m(t) = -t + 2. Let l(f) = a(f) + m(f). Calculate l(-11).
7
Suppose -9 = 23*t - 32. Let m(x) = 1. Let g(d) = -4*d - 14. Let u(q) = 4*g(q) + 56*m(q). Give u(t).
-16
Suppose 5*r - 75*r + 70 = 0. Let h(i) = -44*i**3 - i**2 + 2*i. Calculate h(r).
-43
Let o be 2/12 - (2 + 74/12). Let u(f) = 2*f + 7. Calculate u(o).
-9
Let c(q) = -3*q - 5. Suppose -35 = 5*i - 3*o, 3*o - o = -2*i + 2. Give c(i).
7
Let k = -23 - -20. Let p be (-3)/(k/4) - -4. Let b be 0/((0 - p)/4). Let v(f) = -f**2 - 14. Give v(b).
-14
Suppose 0 = -51*x + 50*x + 3. Let j(w) be the third derivative of 0*w + 0 + 1/24*w**4 - 1/6*w**x - 2*w**2. What is j(5)?
4
Suppose 0 = -5*g - 4*u - 5 - 8, 3*g - 5*u - 7 = 0. Let b(x) = -5*x**3 - 3*x**2 - 8*x. Let v(i) = i**3 + i. Let o(c) = g*b(c) - 6*v(c). What is o(4)?
-8
Let a(p) = p**2 - 8*p - 4. Suppose -10*l + 100 = -0*l. Determine a(l).
16
Let x be (-4)/((-20)/(-3)) - (-161)/35. Suppose 0 = -2*u + x*a - 6, -3*a + 0 = 3. Let y(r) = -r - 11. Give y(u).
-6
Let b = 0 + 0. Let u(z) = 1 + z**2 + 0*z**2 - 7 + b*z**2. Determine u(-5).
19
Let i(z) = 8*z - 8. Let b(h) = -9*h + 8*h - 7 + 8*h. Let d(w) = 4*b(w) - 3*i(w). What is d(3)?
8
Let l(x) = -2*x + 62*x**3 + 2*x**2 + 69*x**3 + 9 + 8*x**2 - 132*x**3. What is l(10)?
-11
Let g(a) = -4*a + 12. Let b(o) = 2*o - 6